{"id":83,"date":"2026-01-05T21:00:06","date_gmt":"2026-01-05T21:00:06","guid":{"rendered":"https:\/\/le-sillon-conseil.fr\/?page_id=83"},"modified":"2026-01-16T17:11:27","modified_gmt":"2026-01-16T17:11:27","slug":"subventions-pour-les-entreprises-agricoles-et-agro-alimentaires-en-bretagne","status":"publish","type":"page","link":"https:\/\/le-sillon-conseil.fr\/index.php\/subventions-pour-les-entreprises-agricoles-et-agro-alimentaires-en-bretagne\/","title":{"rendered":"Subventions pour les entreprises Agricoles et Agro Alimentaires en Bretagne"},"content":{"rendered":"\n<div class=\"wp-block-buttons is-layout-flex wp-block-buttons-is-layout-flex\">\n<div class=\"wp-block-button\"><a class=\"wp-block-button__link wp-element-button\">PASS comp\u00e9titivit\u00e9 IAA (TO 421) <\/a><\/div>\n<\/div>\n\n\n\n<p class=\"has-text-align-left\">Moderniser votre outil de production, am\u00e9liorer votre comp\u00e9titivit\u00e9 ou d\u00e9velopper de nouveaux produits repr\u00e9sente un investissement strat\u00e9gique pour votre entreprise agro-alimentaire.<\/p>\n\n\n\n<p class=\"has-text-align-left\">Le dispositif <strong>TO 421<\/strong> &#8211; <strong>PASS comp\u00e9titivit\u00e9 IAA<\/strong> permet de soutenir financi\u00e8rement les projets d&rsquo;investissements dans la transformation, la commercialisation et le d\u00e9veloppement de produits agro-alimentaires.<\/p>\n\n\n\n<div class=\"wp-block-buttons is-layout-flex wp-block-buttons-is-layout-flex\">\n<div class=\"wp-block-button\"><a class=\"wp-block-button__link wp-element-button\">AGRI-Invest<\/a><\/div>\n<\/div>\n\n\n\n<p>AGRI-Invest est un dispositif r\u00e9gional d\u2019aide \u00e0 l\u2019investissement agricole, inscrit dans la programmation PAC 2023-2027.<br>Il soutient les exploitations dans leurs projets de modernisation et de transition.<\/p>\n\n\n\n<p>Ce dispositif permet d&rsquo;adapter au changement climatique, am\u00e9liorer la performance \u00e9conomique et environnementale et renforcer la r\u00e9silience des exploitations.<\/p>\n\n\n\n<p><em>\ud83d\udc49Nous vous accompagnons de l&rsquo;analyse d&rsquo;\u00e9ligibilit\u00e9 jusqu&rsquo;au d\u00e9p\u00f4t complet du dossier et \u00e0 la r\u00e9ception des fonds.<\/em><\/p>\n\n\n\n<p><strong>A qui s&rsquo;adresse -t-on ?<\/strong><\/p>\n\n\n\n<p>Cela s&rsquo;adresse aux entreprises de l&rsquo;industrie agro-alimentaire, notamment :<\/p>\n\n\n\n<ul class=\"wp-block-list\">\n<li>PME et ETI<\/li>\n\n\n\n<li>Entreprises de transformation de produits agricoles <\/li>\n\n\n\n<li>Acteurs du conditionnement, de la commercialisation ou du d\u00e9veloppement de produits agricoles ou alimentaires transform\u00e9s, pour l&rsquo;alimentation humaine ou animale<\/li>\n\n\n\n<li>Exploitants agricoles et soci\u00e9t\u00e9s<\/li>\n<\/ul>\n\n\n\n<p>\ud83d\udc49 <em>Chaque projet <\/em>est \u00e9tudi\u00e9 individuellement selon sa nature, son impact \u00e9conomique et sa coh\u00e9rence globale.<\/p>\n\n\n\n<p><strong>Pourquoi se faire accompagner ?<\/strong><\/p>\n\n\n\n<p>Le montage d&rsquo;un dossier est <strong>technique et exigeant<\/strong> et l&rsquo;aide accord\u00e9e peut atteindre jusqu&rsquo;\u00e0 40% des d\u00e9penses \u00e9ligibles.<\/p>\n\n\n\n<p>Un projet pertinent peut \u00eatre refus\u00e9 s&rsquo;il:<\/p>\n\n\n\n<ul class=\"wp-block-list\">\n<li>est mal positionn\u00e9 par rapport aux crit\u00e8res <\/li>\n\n\n\n<li>manque de justification \u00e9conomique<\/li>\n\n\n\n<li>n&rsquo;est pas pr\u00e9sent\u00e9 avec les bons arguments<\/li>\n<\/ul>\n\n\n\n<p>\ud83d\udc49 <em>Notre r\u00f4le est de transformer votre projet industriel en dossier clair, structur\u00e9 et conforme aux attentes des financeurs publics.<\/em><\/p>\n\n\n\n<p><strong>Notre accompagnement<\/strong> <\/p>\n\n\n\n<p>Nous intervenons \u00e0 chaque \u00e9tape : <\/p>\n\n\n\n<ul class=\"wp-block-list\">\n<li>Analyse d&rsquo;\u00e9ligibilit\u00e9 du projet<\/li>\n\n\n\n<li>Structuration technique et \u00e9conomique<\/li>\n\n\n\n<li>Aide au plan d&rsquo;investissement et de financement<\/li>\n\n\n\n<li>R\u00e9daction et montage du dossier<\/li>\n\n\n\n<li>Suivi jusqu&rsquo;\u00e0 la d\u00e9cision et aux demandes de paiement qui permettent de recevoir les subventions obtenues<\/li>\n<\/ul>\n\n\n\n<p>\ud83d\udc49 <em>Vous restez concentr\u00e9 sur votre activit\u00e9, nous s\u00e9curisons votre demande d&rsquo;aide.<\/em><\/p>\n\n\n\n<p><\/p>\n\n\n\n<p><\/p>\n","protected":false},"excerpt":{"rendered":"<p>Moderniser votre outil de production, am\u00e9liorer votre comp\u00e9titivit\u00e9 ou d\u00e9velopper de nouveaux produits repr\u00e9sente un investissement strat\u00e9gique pour votre entreprise agro-alimentaire. Le dispositif TO 421 &#8211; PASS comp\u00e9titivit\u00e9 IAA permet de soutenir financi\u00e8rement les projets d&rsquo;investissements dans la transformation, la commercialisation et le d\u00e9veloppement de produits agro-alimentaires. AGRI-Invest est un dispositif r\u00e9gional d\u2019aide \u00e0 l\u2019investissement &hellip; <\/p>\n<p class=\"link-more\"><a href=\"https:\/\/le-sillon-conseil.fr\/index.php\/subventions-pour-les-entreprises-agricoles-et-agro-alimentaires-en-bretagne\/\" class=\"more-link\">Continuer la lecture<span class=\"screen-reader-text\"> de &laquo;&nbsp;Subventions pour les entreprises Agricoles et Agro Alimentaires en Bretagne&nbsp;&raquo;<\/span><\/a><\/p>\n","protected":false},"author":1,"featured_media":0,"parent":0,"menu_order":0,"comment_status":"closed","ping_status":"closed","template":"","meta":{"footnotes":""},"class_list":["post-83","page","type-page","status-publish","hentry"],"jetpack_sharing_enabled":true,"_links":{"self":[{"href":"https:\/\/le-sillon-conseil.fr\/index.php\/wp-json\/wp\/v2\/pages\/83","targetHints":{"allow":["GET"]}}],"collection":[{"href":"https:\/\/le-sillon-conseil.fr\/index.php\/wp-json\/wp\/v2\/pages"}],"about":[{"href":"https:\/\/le-sillon-conseil.fr\/index.php\/wp-json\/wp\/v2\/types\/page"}],"author":[{"embeddable":true,"href":"https:\/\/le-sillon-conseil.fr\/index.php\/wp-json\/wp\/v2\/users\/1"}],"replies":[{"embeddable":true,"href":"https:\/\/le-sillon-conseil.fr\/index.php\/wp-json\/wp\/v2\/comments?post=83"}],"version-history":[{"count":10,"href":"https:\/\/le-sillon-conseil.fr\/index.php\/wp-json\/wp\/v2\/pages\/83\/revisions"}],"predecessor-version":[{"id":141,"href":"https:\/\/le-sillon-conseil.fr\/index.php\/wp-json\/wp\/v2\/pages\/83\/revisions\/141"}],"wp:attachment":[{"href":"https:\/\/le-sillon-conseil.fr\/index.php\/wp-json\/wp\/v2\/media?parent=83"}],"curies":[{"name":"wp","href":"https:\/\/api.w.org\/{rel}","templated":true}]}}